{"id":11,"date":"2016-09-26T02:09:55","date_gmt":"2016-09-26T02:09:55","guid":{"rendered":"http:\/\/sw-themes.com\/porto_dummy\/?page_id=11"},"modified":"2018-11-22T20:08:45","modified_gmt":"2018-11-22T20:08:45","slug":"organizacija","status":"publish","type":"page","link":"https:\/\/npbanja.com\/index.php\/o-nama\/organizacija\/","title":{"rendered":"Organizacija"},"content":{"rendered":"<p>U cilju efikasnijeg i racionalnijeg obavljanja delatnosti u novopazarskoj banji obrazuju se organizacione jedinice iz slede\u0107ih oblasti delatnosti:<\/p>\n<h4><strong>*FIZIJATRIJSKA SLU\u017dBA<\/strong><\/h4>\n<h4><strong>*SLU\u017dBA ZA PRAVNO-EKONOMSKE, TEHNI\u010cKE I DRUGE POSLOVE<\/strong><\/h4>\n<h4><strong>*BOLNI\u010cKA ODELJENJA<\/strong><\/h4>\n<p>-odeljenje za rehabilitaciju neurolo\u0161kih pacijenata<\/p>\n<p>-odeljenje za rehabilitaciju pacijenata sa degenerativnim reumatizmom<\/p>\n<p>-odeljenje za rehabiltiaciju ortopedskih pacijenata<\/p>\n<p>-odeljenje za rehabilitaciju pacijenata za cerebro-vaskularne bolesti<\/p>\n<p>-odeljenje za rehabilitaciju dec<\/p>\n<p>-odeljenje za rehabilitaciju reumatskih bolesti<\/p>\n","protected":false},"excerpt":{"rendered":"<p>U cilju efikasnijeg i racionalnijeg obavljanja delatnosti u novopazarskoj banji obrazuju se organizacione jedinice iz slede\u0107ih oblasti delatnosti: *FIZIJATRIJSKA SLU\u017dBA *SLU\u017dBA ZA PRAVNO-EKONOMSKE, TEHNI\u010cKE I DRUGE POSLOVE *BOLNI\u010cKA ODELJENJA -odeljenje za rehabilitaciju neurolo\u0161kih pacijenata -odeljenje za rehabilitaciju pacijenata sa degenerativnim reumatizmom -odeljenje za rehabiltiaciju ortopedskih pacijenata -odeljenje za rehabilitaciju pacijenata za cerebro-vaskularne bolesti -odeljenje za [&hellip;]<\/p>\n","protected":false},"author":1,"featured_media":0,"parent":171,"menu_order":0,"comment_status":"closed","ping_status":"closed","template":"","meta":[],"_links":{"self":[{"href":"https:\/\/npbanja.com\/index.php\/wp-json\/wp\/v2\/pages\/11"}],"collection":[{"href":"https:\/\/npbanja.com\/index.php\/wp-json\/wp\/v2\/pages"}],"about":[{"href":"https:\/\/npbanja.com\/index.php\/wp-json\/wp\/v2\/types\/page"}],"author":[{"embeddable":true,"href":"https:\/\/npbanja.com\/index.php\/wp-json\/wp\/v2\/users\/1"}],"replies":[{"embeddable":true,"href":"https:\/\/npbanja.com\/index.php\/wp-json\/wp\/v2\/comments?post=11"}],"version-history":[{"count":6,"href":"https:\/\/npbanja.com\/index.php\/wp-json\/wp\/v2\/pages\/11\/revisions"}],"predecessor-version":[{"id":376,"href":"https:\/\/npbanja.com\/index.php\/wp-json\/wp\/v2\/pages\/11\/revisions\/376"}],"up":[{"embeddable":true,"href":"https:\/\/npbanja.com\/index.php\/wp-json\/wp\/v2\/pages\/171"}],"wp:attachment":[{"href":"https:\/\/npbanja.com\/index.php\/wp-json\/wp\/v2\/media?parent=11"}],"curies":[{"name":"wp","href":"https:\/\/api.w.org\/{rel}","templated":true}]}}